mon factor of t and r?
11
Let k = 22 - 1. Let f be (0 + (-7)/(-2))*(6 + (-612)/(-17)). What is the greatest common divisor of f and k?
21
Let o(v) = -v**2 + 3*v + 6. Let l be o(-2). Let y be 3/l + (-1674)/(-24). Let d = -55 + y. Calculate the highest common factor of d and 70.
14
Suppose -5*o + 17*o - 24 = 0. Let g(v) = 48*v**2 + 2*v. Let d be g(o). Let i = 356 - d. What is the highest common factor of i and 10?
10
Let l be (-248)/8060 + (-5736)/(-520). Let q = 47 + 8. What is the greatest common divisor of q and l?
11
Let s = 328 + -232. Suppose s*u - 90*u = 1650. Let z(g) = -2*g + 7. Let c be z(-9). What is the highest common factor of u and c?
25
Let b(i) = 2*i**2 - i - 5. Let z be b(-2). Suppose -g - 17 = -k, 0 = -z*k + 9*k - 2*g - 76. Calculate the highest common factor of k and 231.
21
Let a be 12/(-24) + 4790/4. Let y = 898 + -835. Calculate the greatest common divisor of a and y.
63
Let r be (-8)/(4/(-5) + (-1887)/(-2590)). What is the highest common divisor of r and 196?
28
Let m = 11924 + -11912. Let o = 397 - 25. What is the greatest common divisor of m and o?
12
Let b(k) = -2*k**3 + 182*k**2 - 9*k + 841. Let x be b(91). Suppose 484 = 2*v + i, 4*v = 5*i + 462 + 506. What is the highest common divisor of x and v?
22
Let t(c) = 16*c + 61. Let g(s) = -s. Let i(o) = -3*g(o) - t(o). Let q be i(-6). What is the greatest common divisor of 17 and q?
17
Let s(u) = u + 6. Let o be s(4). Let y be ((-984)/60)/((-2)/o). Suppose -5*a = -y + 17. Calculate the greatest common divisor of a and 13.
13
Suppose 255 = 33*l - 470 - 199. What is the greatest common factor of 322 and l?
14
Suppose 56*t - 2052 = 20*t. Calculate the highest common factor of 76 and t.
19
Suppose 0*j + 592 = 4*j. Let c be 234/104 + (-1)/4. Suppose -k - j = -3*i - 3*k, -2*k - 102 = -c*i. Calculate the highest common factor of 25 and i.
25
Let d(m) = -4*m**3 + 27*m**2 - 43*m + 196. Let o be d(5). Let r(z) = -z**2 + z + 13. Let y be r(0). Calculate the greatest common divisor of y and o.
13
Let y = -9920 - -9944. What is the greatest common factor of 1788 and y?
12
Let a(l) = -3*l + 30. Let o be a(9). Suppose 3*b = o*x + 4*b - 47, b - 79 = -5*x. Calculate the highest common factor of 2 and x.
2
Let i = -7057 - -27924. What is the highest common divisor of 77 and i?
77
Let h(j) = 19*j + 629. Let o be h(-31). What is the greatest common divisor of 125 and o?
5
Suppose 4*t + 2*u = -428 + 1934, -4*t = 5*u - 1497. What is the highest common factor of 135 and t?
27
Suppose 7*o = -10 + 178. Let i be 78/195 + 3832/20. What is the greatest common factor of i and o?
24
Suppose 0 = -81*j + 4852 + 7622. What is the highest common factor of 10780 and j?
154
Suppose 0 = -60*s - 3460 + 820. Let z be 8/(-6)*63/14 - s. Calculate the highest common divisor of 6 and z.
2
Suppose 11 = 5*c - 4. Let s(w) = -12 - 18 + 2*w - c*w + 42. Let g be s(4). Calculate the greatest common divisor of g and 8.
8
Suppose 25*s - 21365 = 35635. Suppose -117*y + s = -102*y. Calculate the highest common divisor of 19 and y.
19
Let f be (-72)/540 - (-146)/(-30). Let v be 7 + (-10 + 3 - f). What is the highest common factor of 5 and v?
5
Let g(u) be the first derivative of 4*u**2 + 4*u + 1. Let f be g(3). Let n be ((-3)/(6/(-16)))/(13 + -11). Calculate the highest common divisor of f and n.
4
Let g be -38*1/3*486/(-36). Let x = -17 + 22. Suppose 0 = -x*n + 19 + 76. What is the highest common factor of g and n?
19
Suppose -31*o + 5*b = -26*o, 3*b - 2 = 4*o. Let r(n) = 12*n**2 - 6*n - 11. Let g be r(o). Calculate the highest common divisor of 7 and g.
7
Suppose k - 39 = -10. Suppose -2*s - 41 - 667 = 0. Let l = 412 + s. What is the greatest common divisor of l and k?
29
Let d(r) = -5291*r + 117. Let m be d(0). Let h be (-328)/(-18) - (-4)/(-18). What is the highest common divisor of m and h?
9
Let f(b) = -2*b + 2. Let c be f(0). Let t(m) = 6*m**2 - 2*m. Let o be t(-1). Suppose -o = -3*u + u. Calculate the highest common divisor of c and u.
2
Let g be ((-6)/(30/(-845)))/((-9)/(-36)). What is the greatest common factor of 78 and g?
26
Suppose 34*r = 38*r + 5*g - 69, -3*g - 18 = -3*r. Calculate the greatest common factor of 23 and r.
1
Let s(q) = 9*q**2 + 11*q - 97. Let u be s(-19). Calculate the greatest common divisor of 81 and u.
27
Suppose -z + 15 + 49 = 0. Suppose g - z = -2*l, -3*l = g - 5*g - 96. What is the highest common divisor of l and 352?
32
Let f(k) = -6*k**2 - 102*k + 155. Let p be f(-12). Calculate the greatest common divisor of 40 and p.
5
Let h = 277 + -192. Suppose 0 = -7*y + 203 + 273. What is the highest common factor of h and y?
17
Suppose -3*z + 236 = 2*u, 2*z - 28*u = -26*u + 174. What is the highest common factor of 2419 and z?
41
Let n(l) = 6*l**3 - l**2 - 16*l + 35. Suppose 5*t - 16 = 5*u - 6, 0 = 2*t - 5*u - 1. Let w be n(t). Calculate the greatest common factor of 7 and w.
7
Let t(r) = -3*r**3 + 2*r**2 + 1. Let h be t(-3). Let l be (56 + (0 - 3))/((-2)/(-4)). Let q = l - h. Calculate the highest common divisor of q and 54.
6
Let j be 90/(-2) + 2 + -5. Let x = -44 - j. Suppose -2*l - l = 3*b - 69, x*b = -16. What is the highest common divisor of 108 and l?
27
Let i be (-245)/(-56) + -4 + 6170/16. Let s = i + -214. Calculate the greatest common divisor of 4 and s.
4
Let i(o) = 159*o**2 - 27*o + 3. Let w be i(1). Calculate the greatest common divisor of w and 365.
5
Let l(s) = s**2 - s - 16. Suppose 0 = 6*q - 5*q - 8. Let d be l(q). Suppose h + d = 6*h. Calculate the highest common factor of h and 12.
4
Let q be (-4)/3*-6*(-147)/(-28). Let u be 5/(30/4)*3. Suppose 3*z = -u*z + 70. Calculate the greatest common divisor of q and z.
14
Suppose -1143 = -0*o - 9*o. Let x = o - 17. Suppose l = -6 + 16. What is the highest common divisor of x and l?
10
Suppose 0*x = -3*d + 3*x + 168, 286 = 5*d - 3*x. What is the greatest common divisor of d and 531?
59
Let o(p) = -2*p**2 + 7*p - 15. Let n be o(6). Let z be n/9 + (-1 - 47). Let c = 66 + z. Calculate the highest common divisor of 208 and c.
13
Let q be 7 - (1 + -2) - 2. Let u = -120 - -112. Let l(d) = -8*d - 10. Let p be l(u). Calculate the highest common factor of p and q.
6
Let d = -99 + 109. Suppose -18*j + 16*j + z = -d, -20 = -2*j - 4*z. What is the greatest common factor of 39 and j?
3
Let h(r) = -r**2 + 117. Let o be h(0). Let p = -455 - -286. Let c = 182 + p. Calculate the highest common factor of o and c.
13
Let j = -128 + 130. Let k(v) = 16*v - 8. Let b be k(j). Calculate the greatest common factor of 18 and b.
6
Let v = -22855 - -23629. What is the greatest common divisor of v and 172?
86
Let j be (-28140)/28*(-16)/12. Calculate the highest common factor of j and 110.
10
Let n be 11/((-15)/108 - 1/(-4)). Calculate the greatest common factor of 1122 and n.
33
Let o = 216 + -146. Suppose 0 = 16*t - 16 - 103 - 41. What is the greatest common factor of t and o?
10
Let s(t) = 2*t**3 - 19*t**2 + 14*t - 164. Let r be s(10). What is the greatest common divisor of 2280 and r?
76
Let i = 362 - 290. Let o be 124 - 3*(-6)/i*-12. What is the highest common factor of 22 and o?
11
Let l be 24/32*-4*68/(-17). What is the highest common divisor of 645 and l?
3
Let z(d) = -66*d - 3613. Let n be z(-158). What is the highest common divisor of n and 94?
47
Let t = -648 + 651. Let y = 9 + -7. What is the highest common divisor of y and t?
1
Let k(i) = -11*i + 34 + i**2 + 0*i**2 - 16*i. Let a be k(28). Suppose -34 - 59 = -3*d. Calculate the highest common factor of a and d.
31
Let o be 320/(-3)*630/(-175). Suppose 4*i - 4*j - o = 0, i - 4*j = 3*i - 162. What is the highest common factor of i and 65?
13
Let a(k) = k**2 + 5*k + 42. Let f be a(-11). Suppose 2*u = -3*v + 7*v - 108, -f = -4*v + 3*u. What is the highest common factor of v and 36?
9
Let d be (-3)/18 + 129/18. Let g(l) = -l**2 + 11*l + 14. Let y be g(d). Let c = -29 - -50. What is the highest common factor of y and c?
21
Let v(y) = -2*y**2 - 83*y - 2. Let m be v(-19). Let l = -850 + m. Calculate the greatest common factor of 5 and l.
1
Let j = -2818 + 2821. Calculate the greatest common factor of j and 1.
1
Suppose -2*t + 193 = p, 18*t - 23*t + 389 = 2*p. Calculate the highest common divisor of 51 and p.
17
Let h(v) = -v**3 + 15*v**2 + 32*v - 60. Let a be h(16). Let d be 960/14 + (-112)/a. What is the greate